{"id":2316,"date":"2023-10-09T06:33:51","date_gmt":"2023-10-09T12:33:51","guid":{"rendered":"https:\/\/www.acrilfrasa.mx\/productosacrilicopolicarbonato\/?post_type=product&#038;p=2316"},"modified":"2024-02-08T13:14:28","modified_gmt":"2024-02-08T19:14:28","slug":"domo-de-acrilico-blanco-con-ventila-de-44-x-44-cm","status":"publish","type":"product","link":"https:\/\/www.acrilfrasa.mx\/productosacrilicopolicarbonato\/domos-de-acrilico\/domos-blancos\/domoventila\/domo-de-acrilico-blanco-con-ventila-de-44-x-44-cm\/","title":{"rendered":"Domo de Acr\u00edlico Blanco con Ventila de 44 x 44 cm"},"content":{"rendered":"","protected":false},"excerpt":{"rendered":"<p class=\"my-0.5\"><strong>Descripci\u00f3n:<\/strong> El domo de acr\u00edlico con ventila es una excelente opci\u00f3n para techados trasl\u00facidos, ya que combinan durabilidad, funcionalidad y est\u00e9tica en un solo producto. Con una vida \u00fatil que supera los 20 a\u00f1os, estos techados permiten el paso de luz y calor, brindando un ambiente luminoso y agradable en tus espacios interiores.<\/p>\n<p class=\"my-0.5\"><strong>Caracter\u00edsticas:<\/strong><\/p>\n<ul class=\"list-disc list-outside pl-8 -space-y-1 @xl:-space-y-1.5 @2xl:-space-y-2\">\n<li class=\"relative [&amp;&gt;p]:inline-block [&amp;&gt;p]:align-top [&amp;&gt;p]:-mt-6 [&amp;&gt;p]:p-0 [&amp;&gt;p]:mb-4\" style=\"box-sizing: border-box; border: 0px solid #e5e7eb; --tw-border-spacing-x: 0; --tw-border-spacing-y: 0; --tw-translate-x: 0; --tw-translate-y: 0; --tw-rotate: 0; --tw-skew-x: 0; --tw-skew-y: 0; --tw-scale-x: 1; --tw-scale-y: 1; --tw-scroll-snap-strictness: proximity; --tw-ring-offset-width: 0px; --tw-ring-offset-color: #fff; --tw-ring-color: rgba(63,131,248,.5); --tw-ring-offset-shadow: 0 0 #0000; --tw-ring-shadow: 0 0 #0000; --tw-shadow: 0 0 #0000; --tw-shadow-colored: 0 0 #0000; position: relative;\"><strong>Seguridad:<\/strong>\u00a0Los domos de acr\u00edlico tienen una estructura resistente debido a la forma circular o piramidal en la que se fabrican<\/li>\n<li><strong>Durabilidad:<\/strong>\u00a0Los domos de acr\u00edlico tienen una mayor durabilidad comparado con otros techados trasl\u00facidos ya que los domos tienen un tiempo de vida \u00fatil de m\u00e1s de 20 a\u00f1os en buen estado.<\/li>\n<li><strong>Luz y calor:\u00a0<\/strong>Los domos ayudan a permitir y difundir el paso de la luz. El color transparente permite el paso del 92% de la luz.<\/li>\n<li><strong>Ventilaci\u00f3n:\u00a0<\/strong>Los domos se pueden fabricar con ventila que es una malla que se fabrica en la base o marco del domo para permitir el flujo de aire con el exterior.<\/li>\n<li><strong>Econ\u00f3micos:\u00a0<\/strong>En comparaci\u00f3n con estructuras convencionales como la loza o techados de madera.<\/li>\n<li><strong>Dise\u00f1o:<\/strong>\u00a0Los domos se pueden fabricar en diversos modelos que permitir\u00e1n utilizar m\u00e1s o menos estructura para su instalaci\u00f3n.<\/li>\n<\/ul>\n<p class=\"my-0.5\"><strong>Color:<\/strong> Blanco<\/p>\n<p class=\"my-0.5\"><strong>Material:<\/strong> Acr\u00edlico 100%<\/p>\n<p class=\"my-0.5\"><strong>Medidas:<\/strong> Ancho: 44 cm | Largo: 44 cm<\/p>\n<p class=\"my-0.5\">Para m\u00e1s informaci\u00f3n sobre el precio de domos transparentes m\u00e1s grandes o a la medida, ll\u00e1manos a nuestras oficinas. Ofrecemos una amplia selecci\u00f3n de domos de acr\u00edlico y estamos seguros de que encontrar\u00e1s lo que necesitas para tu proyecto.<\/p>\n<p>En nuestra p\u00e1gina web puedes encontrar mas informaci\u00f3n sobre <a href=\"https:\/\/www.acrilfrasa.mx\/Acrilico\/\">Acr\u00edlico<\/a>, <a href=\"https:\/\/www.acrilfrasa.mx\/Policarbonato\/\">Policarbonato<\/a>, <a href=\"https:\/\/www.acrilfrasa.mx\/Policarbonato\/beneficios-ventajas-domos-policarbonato.php\">Domos<\/a>, Canceles y mucho mas&#8230;.<\/p>\n","protected":false},"featured_media":2304,"template":"","meta":[],"product_brand":[],"product_cat":[182,185],"product_tag":[],"class_list":{"0":"post-2316","1":"product","2":"type-product","3":"status-publish","4":"has-post-thumbnail","6":"product_cat-domos-blancos","7":"product_cat-domoventila","9":"first","10":"instock","11":"taxable","12":"shipping-taxable","13":"purchasable","14":"product-type-simple"},"_links":{"self":[{"href":"https:\/\/www.acrilfrasa.mx\/productosacrilicopolicarbonato\/wp-json\/wp\/v2\/product\/2316","targetHints":{"allow":["GET"]}}],"collection":[{"href":"https:\/\/www.acrilfrasa.mx\/productosacrilicopolicarbonato\/wp-json\/wp\/v2\/product"}],"about":[{"href":"https:\/\/www.acrilfrasa.mx\/productosacrilicopolicarbonato\/wp-json\/wp\/v2\/types\/product"}],"wp:featuredmedia":[{"embeddable":true,"href":"https:\/\/www.acrilfrasa.mx\/productosacrilicopolicarbonato\/wp-json\/wp\/v2\/media\/2304"}],"wp:attachment":[{"href":"https:\/\/www.acrilfrasa.mx\/productosacrilicopolicarbonato\/wp-json\/wp\/v2\/media?parent=2316"}],"wp:term":[{"taxonomy":"product_brand","embeddable":true,"href":"https:\/\/www.acrilfrasa.mx\/productosacrilicopolicarbonato\/wp-json\/wp\/v2\/product_brand?post=2316"},{"taxonomy":"product_cat","embeddable":true,"href":"https:\/\/www.acrilfrasa.mx\/productosacrilicopolicarbonato\/wp-json\/wp\/v2\/product_cat?post=2316"},{"taxonomy":"product_tag","embeddable":true,"href":"https:\/\/www.acrilfrasa.mx\/productosacrilicopolicarbonato\/wp-json\/wp\/v2\/product_tag?post=2316"}],"curies":[{"name":"wp","href":"https:\/\/api.w.org\/{rel}","templated":true}]}}